. Suppose 4*q - 3*c = 9, -c = -3*q - 0 + 3. Suppose 0 = 3*s - q*s - 18. Suppose -s*u = -u. Determine g(u).
4
Let x(g) = -g + 8. Let w(d) = d - 7. Suppose -61 = 5*v - 3*z, -3*z - 1 = v + 2*z. Let t = 18 + v. Let h be w(t). Give x(h).
8
Suppose 2*o - 7*o = 180. Let l = o - -28. Let j(g) = g**2 + 7*g. What is j(l)?
8
Let y(w) = -w**3 + 5*w**2 + 7*w - 2. Let h be y(6). Let m(b) = -2 + 0*b + 9*b - h*b - 2*b. Determine m(-5).
-17
Let h(v) = 5 + 1 - 5. Let s(t) = 2*t - 2. Let q(w) = 5*h(w) + s(w). Suppose b + b = -4. Calculate q(b).
-1
Let i(d) = -8*d**2 - d + 1. Let u(o) = 23*o - 45. Let k be u(2). Give i(k).
-8
Let x = -60 + 64. Let w = 8 - x. Let z(d) = 2*d - 2. Give z(w).
6
Let f(h) = -h**3 + 13*h**2 - 2. Let z be f(13). Let a(k) = -k**3 + 4*k + 3. Calculate a(z).
3
Let y(j) = j**2 + 3*j - 7. Let o be y(-5). Let q(b) = -5 + 4 - 8*b + 9*b + o. Let v(c) = -c**3 + 6*c**2 - 6*c + 10. Let d be v(5). Determine q(d).
7
Suppose 13 + 7 = 5*y. Let a(d) be the third derivative of d**4/8 - 5*d**3/6 - 20*d**2. Determine a(y).
7
Let o(x) = -15*x**3 + 17*x**2 - 17*x - 7. Let d(j) = 7*j**3 - 8*j**2 + 8*j + 3. Let r(f) = 13*d(f) + 6*o(f). Calculate r(2).
1
Let t(f) = -3*f + 3. Let d(c) = 7*c - 4. Let j(n) = -2*d(n) - 5*t(n). Suppose 5*x = 2*x. What is j(x)?
-7
Let q be (-1 + -11)*28/8. Let d be 4/16 + q/8. Let h(u) be the first derivative of -u**4/4 - 4*u**3/3 + 3*u**2 - 2*u + 22. What is h(d)?
-7
Let a(m) = m**3 - 9*m**2 + 9*m - 9. Let j be (4/1)/8*28. Suppose -3*w + 10 + j = 0. Calculate a(w).
-1
Let a(p) = 8*p**2 - 8*p - 2. Let u(l) = 7*l**2 - 7*l - 1. Let t(m) = 4*a(m) - 5*u(m). Let o = 59 + -56. Give t(o).
-21
Let f = 1453 - 1450. Let g(a) = -4*a + 13. What is g(f)?
1
Let p = 11 - 6. Let f(m) be the first derivative of m**4/4 - 4*m**3/3 - 2*m**2 - m - 7160. Calculate f(p).
4
Let n be 3*-2*(-2)/6. Let t(v) be the first derivative of v**2/2 + 2*v + 20. Give t(n).
4
Let n(l) = 15*l + 2. Let r(d) = 7*d + 1. Let y(u) = 6*n(u) - 13*r(u). Suppose 3 = 4*g - 21. Let c(o) = -2*o + 11. Let t be c(g). Calculate y(t).
0
Let k(u) = -u + 4. Let d = -450 - -440. Calculate k(d).
14
Let k(m) = 2 - 3 - 16*m + 24*m. Let c(s) = s**3 + 7*s**2 + s + 3. Let f be c(-7). Let z be 1 + (0 - (-2 - f)). Give k(z).
-9
Let c(b) be the first derivative of 15 - 1/2*b**2 + 0*b - 14/3*b**3. What is c(1)?
-15
Suppose 7*o = 8*o. Let p(s) = -1. Let a(f) = f + 5. Let b(j) = a(j) - 3*p(j). Give b(o).
8
Let g(t) be the third derivative of t**6/120 + t**5/10 - 5*t**4/24 + 5*t**3/6 - 318*t**2. Give g(-6).
35
Let g(u) = u**2 + 14 - 16 + 19 - 18 - 4*u. Determine g(-3).
20
Let g(n) be the second derivative of -n**4/12 + 5*n**3/6 - 5*n**2/2 - 15*n + 4. Determine g(4).
-1
Let r be (24/(-30))/(4/10). Let g be 6/(-4) + (14/(-4) - r). Let c(t) = -3*t - 3. Give c(g).
6
Let d(p) be the first derivative of -p + 10 - 5/3*p**3 + 3/2*p**2. Determine d(2).
-15
Let g(k) = 0*k**3 + 61*k**2 - 4 - 61*k**2 - 2*k - k**3. Determine g(-2).
8
Let g be 12/5*10/3. Let x(c) = -21*c**3 + g*c**2 - 2 + 20*c**3 - 8*c + 11. Calculate x(7).
2
Suppose -5*l + 5*b - 330 = 0, -3*l = 2*l + b + 312. Let w = 70 + l. Let y(q) = q**2 - 9*q + 4. Give y(w).
-10
Let z be (21/(-2))/((-6)/(-16)). Let t = -25 - z. Let v(l) = -9 - 2 + 10 + 9 - t*l. What is v(6)?
-10
Let z be 34/8 + 15/20. Suppose -3*i - z - 7 = 0. Let a(u) = 2*u - 2. Determine a(i).
-10
Let c(a) = 4*a**3 + 2*a**2 - a - 1. Let z be c(1). Suppose 2*i - 6 = -2*k + 10, z*k + 3*i = 28. Let n(x) = -x**3 + 2*x**2 + 2*x + 1. Give n(k).
-23
Let i(g) = -g**3 + 10*g**2 + 3*g + 9. Let j(q) = -q**3 + 9*q**2 + 3*q + 8. Let h(d) = -6*i(d) + 7*j(d). Let r(c) = -c**2 + 3*c + 2. Let s be r(4). What is h(s)?
16
Let u(i) = i**2 - 14*i + 33. Let c(w) = -w**2 + 14*w - 32. Let f(x) = 5*c(x) + 6*u(x). What is f(9)?
-7
Let x(f) be the third derivative of -f**6/120 + f**5/15 - f**4/6 + f**3/3 - 98*f**2. Determine x(2).
2
Let n(g) = -g**3 + g**2 + 4*g - 2. Let a be (6 - 6)/(1*-2). Suppose -4*m + 1 - 14 = -5*v, a = m - v + 2. Give n(m).
-8
Let s(o) = -o**3 - 5*o**2 - 4*o + 6. Let b(h) = 5*h**3 + 19*h**2 + 14*h - 24. Let t(x) = 2*b(x) + 9*s(x). Let m = 7 - -1. Calculate t(m).
6
Suppose 13*z + 5 = 14*z. Let j(c) = 3*c - 1. Give j(z).
14
Let t(f) = 6*f**2 - 6*f + 4. Let j(g) = g**2 - 3*g - 2. Let m be j(-1). Let y(l) = 7*l - 4 - 5*l**2 + l - l - m*l. Let h(d) = -6*t(d) - 7*y(d). What is h(0)?
4
Let u be 126/27 - 4/(-18 + 6). Suppose -5*y - 20 = 5*g, y + 5*g = -2*y - 20. Let p(z) = -6*z**2 + 3*z**3 + 5*z - 6 + y*z**3 - 2*z**3. Determine p(u).
-6
Suppose -5*t + 21 = -2*t. Let k(a) = t*a**2 - 3 - 6*a**3 - 3 + 0*a + 2*a + 5*a**3. Suppose 2*i - u = 5*i - 21, 5*i - 3*u - 35 = 0. Determine k(i).
8
Let g(j) = j**2 + 5*j - 8. Let f(r) = 3*r - 31. Let z be f(11). Suppose 16 + z = -3*i. Determine g(i).
-2
Let m(a) = -21*a + 1. Let i(c) = 7*c. Let g(q) = 7*i(q) + 2*m(q). Give g(-2).
-12
Let k(r) = -961*r - 12*r**2 + 1927*r - 967*r. Calculate k(1).
-13
Let h(p) = p + 1. Let k(f) = 4*f**2 - 3*f - 3. Let z(j) = -4*h(j) - k(j). Suppose 0 = 2*u + 4*x - 14, -5*u - 5*x + 13 = -2. Calculate z(u).
-4
Let h(w) = -w - 5. Let y(u) = 1. Let v(q) = h(q) + 6*y(q). Calculate v(0).
1
Let a(p) = -p**2 + 9*p - 8. Let w(i) = -2*i**2 + 20*i - 17. Let d(r) = -7*a(r) + 4*w(r). What is d(16)?
4
Let o(x) = 6*x + 22*x**2 + 21*x**2 + 5 - 44*x**2. What is o(6)?
5
Let g(u) = u**2 + 12*u + 6. Let z be g(-11). Let n(q) = -2*q**2 - 6*q + 1. Determine n(z).
-19
Let s(w) = 2*w**2 - 4*w**2 + w - 2*w**2 - 1 + 21*w**3 + 5*w**2. What is s(1)?
22
Let c = 886 + -884. Let g(o) = o**2 + 7*o - 10. Give g(c).
8
Let k(j) = 9*j**3 + j + 1. Let r(p) = p**2 - 3*p + 5. Let o = 38 + -35. Let h be r(o). Suppose -h*c = g + 6 - 0, -5*g - 5 = 0. Determine k(c).
-9
Let z(f) be the first derivative of 0*f**2 - 4*f**3 + 1/120*f**5 + 0*f - 1/24*f**4 - 10. Let o(j) be the third derivative of z(j). Calculate o(-3).
-4
Let l(p) be the third derivative of p**5/60 + p**4/2 + 5*p**3/6 - 40*p**2. Calculate l(-11).
-6
Let n(l) be the third derivative of l**6/120 - l**5/30 + l**4/24 + l**3/3 - l**2. Let c be (-3)/(-2 + (-3)/(-6)). Calculate n(c).
4
Let x(l) = -5*l**3 + 9*l**2 + 6*l - 1. Let t(o) = 9*o**3 - 17*o**2 - 11*o + 3. Let c(g) = -4*t(g) - 7*x(g). What is c(5)?
5
Let g(b) = -b**2 + 3*b + 7. Let h be -7 + 19 + -17 + 8. Calculate g(h).
7
Let i(q) be the second derivative of 0*q**4 + 0 + 1/6*q**3 - 12*q - 1/20*q**5 + 2*q**2. Determine i(0).
4
Let f(c) = -c**3 + 9*c**2 - 10*c + 10. Suppose 2*d + d = -2*v + 30, 5*v + 4*d = 82. Let u be (-60)/9*v/(-15). Let x be f(u). Let s(r) = r + 7. Determine s(x).
1
Suppose -4*v + 10 = -3*g, -v + 10 = g + v. Let i(o) = -16 + 2*o - 18 - 21*o**g + 33. Calculate i(1).
-20
Suppose 0 = 4*a - 3*j + 21, 2*a + 23 + 0 = -j. Let i(m) = -m**2 - 9*m + 4. Calculate i(a).
4
Let n(u) be the first derivative of 13/2*u**2 - 6 - 1/2*u**4 + 1/3*u**3 - 17*u. Let v(k) = -k**3 + 6*k - 8. Let w(t) = -4*n(t) + 9*v(t). Determine w(-5).
11
Let y(d) = -122 - 300*d + 129 + 295*d + d**2. What is y(3)?
1
Let x(b) = 24*b - 20. Let p(c) = 8*c - 7. Let t(i) = 11*p(i) - 4*x(i). Let v(q) = -4*q + 1. Let w(j) = 2*t(j) - 5*v(j). Calculate w(1).
5
Let l(a) = a**3 + 7*a**2 + a + 9. Let z = -40 - -45. Suppose 8*u = -61 + z. Give l(u).
2
Let r(z) = 8*z + 1. Let u(l) = 25*l + 3. Let j(c) = 14*r(c) - 4*u(c). What is j(3)?
38
Let a(j) be the first derivative of -j**4/4 - 4*j**3/3 - 3*j**2/2 - j - 3. Let g = 3 + -1. Suppose -10 = 3*f + g. Give a(f).
11
Let c(m) = -m - 12. Suppose -2*p = 2*p - 5*w - 109, 0 = -w + 3. Let h = -31 + p. Determine c(h).
-12
Let i be (-1)/((-10)/698) + (-6)/(-30). Let c = i + -68. Let s(w) = 3*w**2 - w + 1. Determine s(c).
11
Let u(l) = -l**2 - 9*l - 8. Let x be 2/3*6 - 7. Let w be (x + (-1 - -18))*2. Let z be (-6*w/(-12))/(-2). Calculate u(z).
6
Let b(p) be the third derivative of -p**5/20 + p**4/12 - 4*p**3/3 + 306*p**2. Calculate b(5).
-73
Suppose k - 3*b + 4 = -4, 0 = -3*k + 5*b - 20. Let f(g) = 31*g**2 - 10*g + 21. Let p(m) = 17*m**2 - 5*m + 11. Let q(w) = -6*f(w) + 11*p(w). Calculate q(k).
-5
Let k(d) be the second derivative of d**5/20 + d**4/2 - 11*d**3/6 - 5*d**2 - 529*d. Give k(-7).
18
Let l(t) = -t**2 - t - 5. Suppose -6*w + 17 = 41. Calculate l(w).
-17
Let t(n) be the first derivative of 2*n**3/3 - 15*n**2/2 - 5*n + 1. Let l(i) = 8*i**2 - 9*i**2 + 2 + 2